 36 = 0. Let l(c) = -8*c + 76. Let y be l(a). What is the highest common factor of 204 and y?
12
Suppose -18255 = -16*v + 5143 + 17370. Calculate the highest common divisor of v and 156.
52
Let i = -5 - -29. Let t = -36861 + 36969. Calculate the greatest common divisor of t and i.
12
Let y = 267 + -700. Let h = 467 + y. What is the highest common factor of h and 238?
34
Suppose 574 - 4524 = -5*m. Suppose -2206 = 2*l - 2226. Calculate the greatest common divisor of l and m.
10
Let b = 19869 + -11704. Suppose -1743 = 13*q - b. Calculate the greatest common factor of 26 and q.
26
Let l be (3608/40 - -3) + 1/(-5). What is the greatest common divisor of 15252 and l?
93
Let p(n) = -17*n**3 - 2*n**2 + 4*n + 4. Let o be p(-1). Suppose -4*q = -o*q + 2849. What is the greatest common factor of 7 and q?
7
Suppose 3*v = -0*v - 3*d + 15, v + 3*d = 11. Suppose 10 = 5*q - 0. Suppose -5*s = -5*w, q*w - 7*w = 2*s - 21. What is the greatest common divisor of v and s?
1
Let x = 964 + 2132. Suppose -52*r = -9*r - x. Suppose -55 = -2*s - 1. What is the highest common divisor of s and r?
9
Let c = -12 - -17. Suppose -5*w + 25 = 2*b, 2*w + 20 = 6*w + c*b. Suppose -11*m + 70 = -370. Calculate the highest common factor of m and w.
5
Suppose -66*l = -5*l - 636108. Calculate the highest common divisor of l and 158.
158
Let p = -2120 + 2125. What is the greatest common factor of 43 and p?
1
Suppose 2*g - 8 = 22. Let s = 151987 + -151867. Calculate the greatest common divisor of g and s.
15
Suppose 0 = -o + 4 - 7. Let b be (-18)/4*16/o. Suppose 4*m = 4*l + 32, -1 = -2*m + l + 15. What is the highest common divisor of m and b?
8
Let b = 0 - -8. Suppose b*g - 2 = 70. Let z be (-3)/(-6) - (-394)/4. What is the highest common divisor of g and z?
9
Let n(o) = -80 - 116 - 60*o - 4*o + 33. Let t(c) = 11*c + 27. Let v(l) = 6*n(l) + 34*t(l). Let b be v(-7). What is the highest common divisor of 90 and b?
10
Let i(v) = 7*v - 144. Let b be i(20). Let m be 7 - (-11 - (-6 - b)). Let t be ((-128)/10)/(2/(-20)). What is the greatest common factor of t and m?
16
Let b be ((-2112)/(-144))/(2/(-3)). Let d = b + 35. Calculate the greatest common factor of d and 247.
13
Suppose -66*d - 10630 = -2*c - 70*d, 4*c - d - 21278 = 0. Calculate the greatest common factor of 135 and c.
27
Let s = 7518 + -7468. Calculate the greatest common factor of 610 and s.
10
Let c(q) = 4*q**2 - 2*q + 8. Let o be c(4). Suppose 36 = 5*g - o. Let r = 2925 - 2855. What is the greatest common divisor of r and g?
10
Let b = -2794 + 2849. Let d(l) = -l**3 - 8*l**2 - 7*l + 2. Let y be d(-7). Let o(f) = 5*f + 1. Let u be o(y). What is the greatest common divisor of b and u?
11
Suppose -342 = -2*c + i, c - 3*i + 11 = 167. Let f = 159 + 624. What is the greatest common factor of c and f?
87
Let v = 130 + -122. Suppose 0 = v*g - g - 77. Let l be (6/4)/(2/44). What is the greatest common divisor of g and l?
11
Let m = -121 + 181. Suppose 4*v - 4*t + 377 + 103 = 0, -3*v = 3*t + 354. Let d be (-165)/(-7) - 51/v. What is the greatest common divisor of d and m?
12
Suppose -3*k - r = -33, -2*k + 3*r + 11 = -0*k. Calculate the highest common factor of 995 and k.
5
Let d be 48 + (-2)/2 + -2. Let n be (-28 + -8)*4*(-2 - -1). Suppose 78 = 3*w - t, -5*w + 3*t - 6*t + n = 0. What is the greatest common factor of d and w?
9
Let d = -332 - -335. Suppose -2*k + g - 5 = 0, -4*k + 6*k + 20 = 4*g. Suppose k = -40*c + 41*c - d. Calculate the highest common divisor of c and 33.
3
Suppose -5*i - 2*d + 1048 = 0, 5*d = -2*i + 216 + 220. Let a(q) = -q**2 - 11*q + 38. Let t be a(-12). Calculate the highest common factor of t and i.
26
Let l(r) = 4*r**3 - 146*r**2 - 36*r - 97. Let d be l(37). Calculate the greatest common factor of d and 561.
187
Let o = -5426 - -8809. What is the highest common factor of o and 51?
17
Let d be (6 - 137206/155)*5*2/(-4). Calculate the highest common divisor of d and 14.
14
Suppose -31 = b + 4*l - 0*l, 5*l = 4*b + 19. Let i(x) = -2*x - 6 - 2 - 8. Let k be i(b). Calculate the greatest common divisor of k and 6.
6
Let w = -2075 - -2085. What is the greatest common divisor of 110 and w?
10
Suppose 202*j - 261*j = -96594 - 343. What is the highest common divisor of 31 and j?
31
Suppose -17*h = -29106 - 38401. Calculate the highest common divisor of h and 11.
11
Let b(l) = 78*l - 2239. Let c be b(29). Suppose 1 = -2*n + 5. Suppose -n*o = -o - 23. What is the highest common factor of o and c?
23
Suppose 5*b = 3*b + 2*c + 20, -14 = -b + 2*c. Suppose -4*j - 4 = 0, -5*t = 2*j - 109 + b. Let r = -445 - -676. Calculate the greatest common factor of t and r.
21
Suppose -51 = 9*f - 186. Calculate the highest common divisor of 177 and f.
3
Let x(r) = -20*r**2 - 397*r - 209. Let v be x(-19). Calculate the highest common divisor of v and 3705.
57
Let u be (-66)/(-7)*(4550/105 + -41). Let q be 7/(42/44)*75. What is the greatest common factor of q and u?
22
Suppose 0 = g - 145 - 43. Let b = -184 + g. Calculate the highest common factor of b and 16.
4
Suppose -2*j + 14*y = -488, 214 = 4*j - 4*y - 858. Calculate the greatest common factor of j and 1156.
68
Let n(o) = -o**3 - 13*o**2 + 14*o - 10. Let a be (8/(-8) - 1/4)*-60. Suppose a = 12*d - 17*d. Let y be n(d). What is the greatest common divisor of y and 46?
46
Suppose -5*r - 830 = -5*q, 163*q = 168*q - 2*r - 845. Let j be (1/2)/(25/400). Let v be j/12*(-228)/(-8). Calculate the highest common factor of q and v.
19
Suppose 0 = 5*m + 2*q + 22, 3*m + 4*q - 1 = -3. Suppose 0 = -34*f + 90*f + 336. Let j be m/(f + 4) - -12. Calculate the highest common divisor of 120 and j.
15
Let t be (-472)/(-14) - (0 - 2/7). Suppose 2*y - 116 + 348 = 0. Let c = y + 167. What is the highest common divisor of t and c?
17
Suppose 0 = 353*r - 360*r - 112. Let b(c) = -2*c**2 - 36*c + 20. Let t be b(r). What is the highest common divisor of t and 196?
28
Let n be (-2)/(-12) - (-847)/(-42). Let d = -14 - -7. Let m be (n/d)/(14/21)*56. Calculate the highest common divisor of 96 and m.
48
Suppose 4*b + 0*u = -u + 14, -2*b + 16 = -4*u. Let k be (b/(-24)*-3)/((-7)/(-4970)). What is the greatest common divisor of 5 and k?
5
Let l = 848 - 544. Suppose -l + 128 = -11*k. Suppose -4*x - 12 = -76. What is the highest common divisor of k and x?
16
Let t(x) = 13*x**2 - 48*x + 726. Let i be t(-19). Calculate the highest common divisor of 13 and i.
13
Let f = -39040 + 39064. Calculate the greatest common factor of 111 and f.
3
Suppose 15*g = -17*g + 2624. Suppose 0 = -f + 2 - 0, -f + 248 = 2*h. Calculate the greatest common factor of g and h.
41
Let q(s) = 55*s**3 - s**2 - 5*s - 3. Let p be q(-2). Let r = p - -449. Calculate the greatest common divisor of 96 and r.
12
Let k(y) = y + 11. Let v be k(-6). Let r(a) = a**3 + 18*a**2 - 17*a - 311. Let b be r(-13). What is the highest common factor of v and b?
5
Let v(y) = -13*y + 39. Let j be v(0). Suppose 2*k - 254 = -4*o, 6*k - 3*k = 3*o - 204. Calculate the highest common divisor of o and j.
13
Let f(r) = r**2 + 4*r - 18. Let p be f(-7). Let s(u) = 8*u + 4. Let c be s(p). What is the greatest common factor of 224 and c?
28
Let u(k) be the first derivative of -k**4/4 + k**3/3 + 11*k**2/2 - k - 14. Let l be u(4). Let c be 20*(3 + l/2). What is the greatest common factor of 4 and c?
2
Let d be -4*4/(-2) + 1. Suppose -611 - 10815 = -78*g - 194. What is the greatest common divisor of d and g?
9
Suppose 0 = 4*g + 5*n - 85, 16 + 7 = g + 3*n. Suppose 5*k = -5*o - 15, 21*k - 17*k + g = 0. What is the greatest common divisor of 26 and o?
2
Let n be 2 + (-6097)/(-13) + 4 + -2. Let s = 265 + -254. What is the greatest common divisor of s and n?
11
Let x = 1079 - 1765. Let q = x - -701. What is the greatest common factor of 39 and q?
3
Let m = 2154 - 224. Calculate the highest common factor of 70 and m.
10
Let n be (-561)/68*(-21 - -1). Let r be 3 + (-1 - -3)*-1. Let o(f) = 34*f - 1. Let h be o(r). Calculate the greatest common factor of h and n.
33
Suppose -2*c = 5*j - 389, 2*j - 120*c = -125*c + 164. Calculate the highest common factor of 132 and j.
11
Let m(y) = -20*y**3 + 5*y**2 + 7*y + 2. Let i be m(-2). Suppose 3*x - 906 = -2*l, -4*l - 4*x + 1652 = -i. What is the highest common factor of 27 and l?
27
Suppose -2*z = -79 + 11. Let f = z - 26. Let d(r) = -6*r - 46. Let o be d(-9).